{"id":6036,"date":"2022-11-06T11:09:48","date_gmt":"2022-11-06T10:09:48","guid":{"rendered":"https:\/\/zana13.com\/?page_id=6036"},"modified":"2024-03-14T10:00:34","modified_gmt":"2024-03-14T09:00:34","slug":"folia-ppf","status":"publish","type":"page","link":"https:\/\/zana13.com\/index.php\/folia-ppf\/","title":{"rendered":"Folia PPF"},"content":{"rendered":"\t\t<div data-elementor-type=\"wp-page\" data-elementor-id=\"6036\" class=\"elementor elementor-6036\">\n\t\t\t\t\t\t<section class=\"elementor-section elementor-top-section elementor-element elementor-element-d550a2b elementor-section-boxed elementor-section-height-default elementor-section-height-default\" data-id=\"d550a2b\" data-element_type=\"section\">\n\t\t\t\t\t\t<div class=\"elementor-container elementor-column-gap-default\">\n\t\t\t\t\t<div class=\"elementor-column elementor-col-100 elementor-top-column elementor-element elementor-element-7ae1bee\" data-id=\"7ae1bee\" data-element_type=\"column\">\n\t\t\t<div class=\"elementor-widget-wrap elementor-element-populated\">\n\t\t\t\t\t\t<div class=\"elementor-element elementor-element-d228768 elementor-widget elementor-widget-spacer\" data-id=\"d228768\" data-element_type=\"widget\" data-widget_type=\"spacer.default\">\n\t\t\t\t<div class=\"elementor-widget-container\">\n\t\t\t\t\t<div class=\"elementor-spacer\">\n\t\t\t<div class=\"elementor-spacer-inner\"><\/div>\n\t\t<\/div>\n\t\t\t\t<\/div>\n\t\t\t\t<\/div>\n\t\t\t\t<div class=\"elementor-element elementor-element-24516d0 elementor-widget elementor-widget-text-editor\" data-id=\"24516d0\" data-element_type=\"widget\" data-widget_type=\"text-editor.default\">\n\t\t\t\t<div class=\"elementor-widget-container\">\n\t\t\t\t\t\t\t<p style=\"text-align: justify;\">Zana13 to wyj\u0105tkowa firma specjalizuj\u0105ca si\u0119 w zak\u0142adaniu folii ochronnej PPF na samoch\u00f3d w Poznaniu.\u00a0<span style=\"color: var( --e-global-color-text ); font-family: var( --e-global-typography-text-font-family ), Sans-serif; font-weight: var( --e-global-typography-text-font-weight ); letter-spacing: var(--the7-base-letter-spacing); text-transform: var(--the7-base-text-transform); word-spacing: normal;\">Jeste\u015bmy dumni z naszego wysokiego poziomu wykonania i dba\u0142o\u015bci o szczeg\u00f3\u0142y, u\u017cywaj\u0105c tylko najlepszych narz\u0119dzi i najwy\u017cszej jako\u015bci materia\u0142\u00f3w, aby zapewni\u0107 us\u0142ug\u0119, kt\u00f3ra nie tylko chroni Tw\u00f3j samoch\u00f3d, ale tak\u017ce dodaje warto\u015bci, poprawia wygl\u0105d, chroni i przed\u0142u\u017ca \u017cycie Twojego pojazdu. Nasz\u0105 pasj\u0119<\/span><span style=\"color: var( --e-global-color-text ); font-family: var( --e-global-typography-text-font-family ), Sans-serif; font-weight: var( --e-global-typography-text-font-weight ); letter-spacing: var(--the7-base-letter-spacing); text-transform: var(--the7-base-text-transform); word-spacing: normal;\">\u00a0wida\u0107 w us\u0142ugach i dba\u0142o\u015bci o szczeg\u00f3\u0142y, kt\u00f3re zapewniamy przy ka\u017cdej pracy, kt\u00f3r\u0105 wykonujemy.<\/span><\/p><p style=\"text-align: justify;\">Nasi pracownicy s\u0105 bardziej ni\u017c szcz\u0119\u015bliwi mog\u0105c zaoferowa\u0107\u00a0<span style=\"color: var( --e-global-color-text ); font-family: var( --e-global-typography-text-font-family ), Sans-serif; font-weight: var( --e-global-typography-text-font-weight ); letter-spacing: var(--the7-base-letter-spacing); text-transform: var(--the7-base-text-transform); word-spacing: normal;\">Ci<\/span><span style=\"color: var( --e-global-color-text ); font-family: var( --e-global-typography-text-font-family ), Sans-serif; font-weight: var( --e-global-typography-text-font-weight ); letter-spacing: var(--the7-base-letter-spacing); text-transform: var(--the7-base-text-transform); word-spacing: normal;\">\u00a0<\/span><span style=\"color: var( --e-global-color-text ); font-family: var( --e-global-typography-text-font-family ), Sans-serif; font-weight: var( --e-global-typography-text-font-weight ); letter-spacing: var(--the7-base-letter-spacing); text-transform: var(--the7-base-text-transform); word-spacing: normal;\">porady, kt\u00f3re pomog\u0105 dokona\u0107 w\u0142a\u015bciwego wyboru.<\/span><\/p>\t\t\t\t\t\t<\/div>\n\t\t\t\t<\/div>\n\t\t\t\t\t<\/div>\n\t\t<\/div>\n\t\t\t\t\t<\/div>\n\t\t<\/section>\n\t\t\t\t<section class=\"elementor-section elementor-top-section elementor-element elementor-element-7c6b5fb elementor-section-boxed elementor-section-height-default elementor-section-height-default\" data-id=\"7c6b5fb\" data-element_type=\"section\">\n\t\t\t\t\t\t<div class=\"elementor-container elementor-column-gap-default\">\n\t\t\t\t\t<div class=\"elementor-column elementor-col-100 elementor-top-column elementor-element elementor-element-243fec0\" data-id=\"243fec0\" data-element_type=\"column\">\n\t\t\t<div class=\"elementor-widget-wrap elementor-element-populated\">\n\t\t\t\t\t\t<div class=\"elementor-element elementor-element-348c260 elementor-widget elementor-widget-spacer\" data-id=\"348c260\" data-element_type=\"widget\" data-widget_type=\"spacer.default\">\n\t\t\t\t<div class=\"elementor-widget-container\">\n\t\t\t\t\t<div class=\"elementor-spacer\">\n\t\t\t<div class=\"elementor-spacer-inner\"><\/div>\n\t\t<\/div>\n\t\t\t\t<\/div>\n\t\t\t\t<\/div>\n\t\t\t\t<div class=\"elementor-element elementor-element-f194b29 elementor-align-center elementor-widget elementor-widget-the7_button_widget\" data-id=\"f194b29\" data-element_type=\"widget\" data-widget_type=\"the7_button_widget.default\">\n\t\t\t\t<div class=\"elementor-widget-container\">\n\t\t\t<div class=\"elementor-button-wrapper\"><a href=\"tel:512455666\" class=\"box-button elementor-button elementor-size-sm\">512 455 666<\/a><\/div>\t\t<\/div>\n\t\t\t\t<\/div>\n\t\t\t\t<div class=\"elementor-element elementor-element-f18b52e elementor-widget elementor-widget-spacer\" data-id=\"f18b52e\" data-element_type=\"widget\" data-widget_type=\"spacer.default\">\n\t\t\t\t<div class=\"elementor-widget-container\">\n\t\t\t\t\t<div class=\"elementor-spacer\">\n\t\t\t<div class=\"elementor-spacer-inner\"><\/div>\n\t\t<\/div>\n\t\t\t\t<\/div>\n\t\t\t\t<\/div>\n\t\t\t\t\t<\/div>\n\t\t<\/div>\n\t\t\t\t\t<\/div>\n\t\t<\/section>\n\t\t\t\t<section class=\"elementor-section elementor-top-section elementor-element elementor-element-dbcf92c elementor-section-boxed elementor-section-height-default elementor-section-height-default\" data-id=\"dbcf92c\" data-element_type=\"section\">\n\t\t\t\t\t\t<div class=\"elementor-container elementor-column-gap-default\">\n\t\t\t\t\t<div class=\"elementor-column elementor-col-100 elementor-top-column elementor-element elementor-element-9cfc2a2\" data-id=\"9cfc2a2\" data-element_type=\"column\">\n\t\t\t<div class=\"elementor-widget-wrap elementor-element-populated\">\n\t\t\t\t\t\t<div class=\"elementor-element elementor-element-5b296b8 elementor-widget elementor-widget-text-editor\" data-id=\"5b296b8\" data-element_type=\"widget\" data-widget_type=\"text-editor.default\">\n\t\t\t\t<div class=\"elementor-widget-container\">\n\t\t\t\t\t\t\t<p>W <a href=\"https:\/\/zana13.com\/\">Zana13 <\/a>zajmujemy si\u0119 r\u00f3wnie\u017c:<\/p>\n<ul>\n<li><a href=\"https:\/\/zana13.com\/index.php\/naprawa-szyb\/\">napraw\u0105 szyb samochodowych<\/a><\/li>\n<li><a href=\"https:\/\/zana13.com\/index.php\/reklama-na-samochodzie\/\">oklejaniem samochod\u00f3w reklam\u0105<\/a><\/li>\n<li><a href=\"https:\/\/zana13.com\/index.php\/przyciemnianie-szyb\/\">przyciemnianiem szyb samochodowych<\/a><\/li>\n<li><a href=\"https:\/\/zana13.com\/index.php\/oklejanie-samochodow\/\">oklejaniem aut &#8211; zmian\u0105 koloru<\/a><\/li>\n<\/ul>\t\t\t\t\t\t<\/div>\n\t\t\t\t<\/div>\n\t\t\t\t\t<\/div>\n\t\t<\/div>\n\t\t\t\t\t<\/div>\n\t\t<\/section>\n\t\t\t\t<section class=\"elementor-section elementor-top-section elementor-element elementor-element-a6af045 elementor-section-boxed elementor-section-height-default elementor-section-height-default\" data-id=\"a6af045\" data-element_type=\"section\">\n\t\t\t\t\t\t<div class=\"elementor-container elementor-column-gap-default\">\n\t\t\t\t\t<div class=\"elementor-column elementor-col-100 elementor-top-column elementor-element elementor-element-957fbed\" data-id=\"957fbed\" data-element_type=\"column\">\n\t\t\t<div class=\"elementor-widget-wrap elementor-element-populated\">\n\t\t\t\t\t\t<div class=\"elementor-element elementor-element-e42e101 elementor-widget elementor-widget-spacer\" data-id=\"e42e101\" data-element_type=\"widget\" data-widget_type=\"spacer.default\">\n\t\t\t\t<div class=\"elementor-widget-container\">\n\t\t\t\t\t<div class=\"elementor-spacer\">\n\t\t\t<div class=\"elementor-spacer-inner\"><\/div>\n\t\t<\/div>\n\t\t\t\t<\/div>\n\t\t\t\t<\/div>\n\t\t\t\t<div class=\"elementor-element elementor-element-b93cc3b elementor-widget elementor-widget-image\" data-id=\"b93cc3b\" data-element_type=\"widget\" data-widget_type=\"image.default\">\n\t\t\t\t<div class=\"elementor-widget-container\">\n\t\t\t\t\t\t\t\t\t\t\t\t\t<img fetchpriority=\"high\" decoding=\"async\" width=\"1024\" height=\"510\" src=\"https:\/\/zana13.com\/wp-content\/uploads\/2019\/06\/3fbc849c-a2a3-4f30-8bb0-2c5f65baddfe-1024x510.jpg\" class=\"attachment-large size-large wp-image-5868\" alt=\"\" srcset=\"https:\/\/zana13.com\/wp-content\/uploads\/2019\/06\/3fbc849c-a2a3-4f30-8bb0-2c5f65baddfe-1024x510.jpg 1024w, https:\/\/zana13.com\/wp-content\/uploads\/2019\/06\/3fbc849c-a2a3-4f30-8bb0-2c5f65baddfe-300x149.jpg 300w, https:\/\/zana13.com\/wp-content\/uploads\/2019\/06\/3fbc849c-a2a3-4f30-8bb0-2c5f65baddfe-768x383.jpg 768w, https:\/\/zana13.com\/wp-content\/uploads\/2019\/06\/3fbc849c-a2a3-4f30-8bb0-2c5f65baddfe-1536x765.jpg 1536w, https:\/\/zana13.com\/wp-content\/uploads\/2019\/06\/3fbc849c-a2a3-4f30-8bb0-2c5f65baddfe.jpg 1600w\" sizes=\"(max-width: 1024px) 100vw, 1024px\" \/>\t\t\t\t\t\t\t\t\t\t\t\t\t<\/div>\n\t\t\t\t<\/div>\n\t\t\t\t\t<\/div>\n\t\t<\/div>\n\t\t\t\t\t<\/div>\n\t\t<\/section>\n\t\t\t\t<section class=\"elementor-section elementor-top-section elementor-element elementor-element-255f2d9 elementor-section-boxed elementor-section-height-default elementor-section-height-default\" data-id=\"255f2d9\" data-element_type=\"section\">\n\t\t\t\t\t\t<div class=\"elementor-container elementor-column-gap-default\">\n\t\t\t\t\t<div class=\"elementor-column elementor-col-100 elementor-top-column elementor-element elementor-element-a0c9011\" data-id=\"a0c9011\" data-element_type=\"column\">\n\t\t\t<div class=\"elementor-widget-wrap elementor-element-populated\">\n\t\t\t\t\t\t<div class=\"elementor-element elementor-element-1555926 elementor-widget elementor-widget-heading\" data-id=\"1555926\" data-element_type=\"widget\" data-widget_type=\"heading.default\">\n\t\t\t\t<div class=\"elementor-widget-container\">\n\t\t\t<h2 class=\"elementor-heading-title elementor-size-default\">CHCESZ Oklei\u0107 samoch\u00f3d Foli\u0105 Ochronna PPF W Poznaniu - zapraszamy do kontaktu<\/h2>\t\t<\/div>\n\t\t\t\t<\/div>\n\t\t\t\t\t<\/div>\n\t\t<\/div>\n\t\t\t\t\t<\/div>\n\t\t<\/section>\n\t\t\t\t<section class=\"elementor-section elementor-top-section elementor-element elementor-element-c22c9b3 elementor-section-boxed elementor-section-height-default elementor-section-height-default\" data-id=\"c22c9b3\" data-element_type=\"section\">\n\t\t\t\t\t\t<div class=\"elementor-container elementor-column-gap-default\">\n\t\t\t\t\t<div class=\"elementor-column elementor-col-100 elementor-top-column elementor-element elementor-element-2d45916\" data-id=\"2d45916\" data-element_type=\"column\">\n\t\t\t<div class=\"elementor-widget-wrap elementor-element-populated\">\n\t\t\t\t\t\t<div class=\"elementor-element elementor-element-e615374 elementor-widget elementor-widget-shortcode\" data-id=\"e615374\" data-element_type=\"widget\" data-widget_type=\"shortcode.default\">\n\t\t\t\t<div class=\"elementor-widget-container\">\n\t\t\t\t\t<div class=\"elementor-shortcode\">\n<div class=\"wpcf7 no-js\" id=\"wpcf7-f5825-o1\" lang=\"pl-PL\" dir=\"ltr\">\n<div class=\"screen-reader-response\"><p role=\"status\" aria-live=\"polite\" aria-atomic=\"true\"><\/p> <ul><\/ul><\/div>\n<form action=\"\/index.php\/wp-json\/wp\/v2\/pages\/6036#wpcf7-f5825-o1\" method=\"post\" class=\"wpcf7-form init\" aria-label=\"Formularz kontaktowy\" novalidate=\"novalidate\" data-status=\"init\">\n<div style=\"display: none;\">\n<input type=\"hidden\" name=\"_wpcf7\" value=\"5825\" \/>\n<input type=\"hidden\" name=\"_wpcf7_version\" value=\"5.9.2\" \/>\n<input type=\"hidden\" name=\"_wpcf7_locale\" value=\"pl_PL\" \/>\n<input type=\"hidden\" name=\"_wpcf7_unit_tag\" value=\"wpcf7-f5825-o1\" \/>\n<input type=\"hidden\" name=\"_wpcf7_container_post\" value=\"0\" \/>\n<input type=\"hidden\" name=\"_wpcf7_posted_data_hash\" value=\"\" \/>\n<\/div>\n<p><label> Twoje imi\u0119 i nazwisko<br \/>\n<span class=\"wpcf7-form-control-wrap\" data-name=\"your-name\"><input size=\"40\" class=\"wpcf7-form-control wpcf7-text wpcf7-validates-as-required\" aria-required=\"true\" aria-invalid=\"false\" value=\"\" type=\"text\" name=\"your-name\" \/><\/span> <\/label>\n<\/p>\n<p><label> Tw\u00f3j adres e-mail<br \/>\n<span class=\"wpcf7-form-control-wrap\" data-name=\"your-email\"><input size=\"40\" class=\"wpcf7-form-control wpcf7-email wpcf7-validates-as-required wpcf7-text wpcf7-validates-as-email\" aria-required=\"true\" aria-invalid=\"false\" value=\"\" type=\"email\" name=\"your-email\" \/><\/span> <\/label>\n<\/p>\n<p><label> Temat<br \/>\n<span class=\"wpcf7-form-control-wrap\" data-name=\"your-subject\"><input size=\"40\" class=\"wpcf7-form-control wpcf7-text wpcf7-validates-as-required\" aria-required=\"true\" aria-invalid=\"false\" value=\"\" type=\"text\" name=\"your-subject\" \/><\/span> <\/label>\n<\/p>\n<p><label> Twoja wiadomo\u015bci (opcjonalne)<br \/>\n<span class=\"wpcf7-form-control-wrap\" data-name=\"your-message\"><textarea cols=\"40\" rows=\"10\" class=\"wpcf7-form-control wpcf7-textarea\" aria-invalid=\"false\" name=\"your-message\"><\/textarea><\/span> <\/label>\n<\/p>\n<p><input class=\"wpcf7-form-control wpcf7-submit has-spinner\" type=\"submit\" value=\"Wy\u015blij\" \/>\n<\/p><div class=\"wpcf7-response-output\" aria-hidden=\"true\"><\/div>\n<\/form>\n<\/div>\n<\/div>\n\t\t\t\t<\/div>\n\t\t\t\t<\/div>\n\t\t\t\t\t<\/div>\n\t\t<\/div>\n\t\t\t\t\t<\/div>\n\t\t<\/section>\n\t\t\t\t<\/div>\n\t\t","protected":false},"excerpt":{"rendered":"<p>Zana13 to wyj\u0105tkowa firma specjalizuj\u0105ca si\u0119 w zak\u0142adaniu folii ochronnej PPF na samoch\u00f3d w Poznaniu.\u00a0Jeste\u015bmy dumni z naszego wysokiego poziomu wykonania i dba\u0142o\u015bci o szczeg\u00f3\u0142y, u\u017cywaj\u0105c tylko najlepszych narz\u0119dzi i najwy\u017cszej jako\u015bci materia\u0142\u00f3w, aby zapewni\u0107 us\u0142ug\u0119, kt\u00f3ra nie tylko chroni Tw\u00f3j samoch\u00f3d, ale tak\u017ce dodaje warto\u015bci, poprawia wygl\u0105d, chroni i przed\u0142u\u017ca \u017cycie Twojego pojazdu. Nasz\u0105&hellip;<\/p>\n","protected":false},"author":1,"featured_media":0,"parent":0,"menu_order":0,"comment_status":"closed","ping_status":"closed","template":"","meta":{"footnotes":""},"class_list":["post-6036","page","type-page","status-publish","hentry"],"_links":{"self":[{"href":"https:\/\/zana13.com\/index.php\/wp-json\/wp\/v2\/pages\/6036","targetHints":{"allow":["GET"]}}],"collection":[{"href":"https:\/\/zana13.com\/index.php\/wp-json\/wp\/v2\/pages"}],"about":[{"href":"https:\/\/zana13.com\/index.php\/wp-json\/wp\/v2\/types\/page"}],"author":[{"embeddable":true,"href":"https:\/\/zana13.com\/index.php\/wp-json\/wp\/v2\/users\/1"}],"replies":[{"embeddable":true,"href":"https:\/\/zana13.com\/index.php\/wp-json\/wp\/v2\/comments?post=6036"}],"version-history":[{"count":12,"href":"https:\/\/zana13.com\/index.php\/wp-json\/wp\/v2\/pages\/6036\/revisions"}],"predecessor-version":[{"id":6094,"href":"https:\/\/zana13.com\/index.php\/wp-json\/wp\/v2\/pages\/6036\/revisions\/6094"}],"wp:attachment":[{"href":"https:\/\/zana13.com\/index.php\/wp-json\/wp\/v2\/media?parent=6036"}],"curies":[{"name":"wp","href":"https:\/\/api.w.org\/{rel}","templated":true}]}}