{"id":6025,"date":"2022-11-06T10:14:30","date_gmt":"2022-11-06T09:14:30","guid":{"rendered":"https:\/\/zana13.com\/?page_id=6025"},"modified":"2022-11-06T11:35:39","modified_gmt":"2022-11-06T10:35:39","slug":"oklejanie-samochodow","status":"publish","type":"page","link":"https:\/\/zana13.com\/index.php\/oklejanie-samochodow\/","title":{"rendered":"Oklejanie samochod\u00f3w"},"content":{"rendered":"\t\t<div data-elementor-type=\"wp-page\" data-elementor-id=\"6025\" class=\"elementor elementor-6025\">\n\t\t\t\t\t\t<section class=\"elementor-section elementor-top-section elementor-element elementor-element-d550a2b elementor-section-boxed elementor-section-height-default elementor-section-height-default\" data-id=\"d550a2b\" data-element_type=\"section\">\n\t\t\t\t\t\t<div class=\"elementor-container elementor-column-gap-default\">\n\t\t\t\t\t<div class=\"elementor-column elementor-col-100 elementor-top-column elementor-element elementor-element-7ae1bee\" data-id=\"7ae1bee\" data-element_type=\"column\">\n\t\t\t<div class=\"elementor-widget-wrap elementor-element-populated\">\n\t\t\t\t\t\t<div class=\"elementor-element elementor-element-d228768 elementor-widget elementor-widget-spacer\" data-id=\"d228768\" data-element_type=\"widget\" data-widget_type=\"spacer.default\">\n\t\t\t\t<div class=\"elementor-widget-container\">\n\t\t\t\t\t<div class=\"elementor-spacer\">\n\t\t\t<div class=\"elementor-spacer-inner\"><\/div>\n\t\t<\/div>\n\t\t\t\t<\/div>\n\t\t\t\t<\/div>\n\t\t\t\t<div class=\"elementor-element elementor-element-24516d0 elementor-widget elementor-widget-text-editor\" data-id=\"24516d0\" data-element_type=\"widget\" data-widget_type=\"text-editor.default\">\n\t\t\t\t<div class=\"elementor-widget-container\">\n\t\t\t\t\t\t\t<p>Jako firma zajmuj\u0105ca si\u0119 oklejaniem samochod\u00f3w, obs\u0142ugujemy zar\u00f3wno klient\u00f3w prywatnych jak i komercyjnych w Poznaniu i okolicach. Jeste\u015bmy dumni z dostarczania wysokiej jako\u015bci us\u0142ug w konkurencyjnej cenie.<\/p><p>Dzi\u0119ki naszemu do\u015bwiadczeniu w bran\u017cy, jeste\u015bmy punktem kompleksowej obs\u0142ugi w zakresie wszelkich potrzeb zwi\u0105zanych z oklejaniem samochod\u00f3w. Pomo\u017cemy Ci z oklejeniem samochod\u00f3w firmowych, oklejeniem samochod\u00f3w reklam\u0105 oraz prywatnych aut. Jeste\u015bmy w stanie zapewni\u0107 zar\u00f3wno pe\u0142ne oklejenie pojazdu, jak i cz\u0119\u015bciowe us\u0142ugi oklejania pojazd\u00f3w<\/p>\t\t\t\t\t\t<\/div>\n\t\t\t\t<\/div>\n\t\t\t\t\t<\/div>\n\t\t<\/div>\n\t\t\t\t\t<\/div>\n\t\t<\/section>\n\t\t\t\t<section class=\"elementor-section elementor-top-section elementor-element elementor-element-7c6b5fb elementor-section-boxed elementor-section-height-default elementor-section-height-default\" data-id=\"7c6b5fb\" data-element_type=\"section\">\n\t\t\t\t\t\t<div class=\"elementor-container elementor-column-gap-default\">\n\t\t\t\t\t<div class=\"elementor-column elementor-col-100 elementor-top-column elementor-element elementor-element-243fec0\" data-id=\"243fec0\" data-element_type=\"column\">\n\t\t\t<div class=\"elementor-widget-wrap elementor-element-populated\">\n\t\t\t\t\t\t<div class=\"elementor-element elementor-element-348c260 elementor-widget elementor-widget-spacer\" data-id=\"348c260\" data-element_type=\"widget\" data-widget_type=\"spacer.default\">\n\t\t\t\t<div class=\"elementor-widget-container\">\n\t\t\t\t\t<div class=\"elementor-spacer\">\n\t\t\t<div class=\"elementor-spacer-inner\"><\/div>\n\t\t<\/div>\n\t\t\t\t<\/div>\n\t\t\t\t<\/div>\n\t\t\t\t<div class=\"elementor-element elementor-element-f194b29 elementor-align-center elementor-widget elementor-widget-the7_button_widget\" data-id=\"f194b29\" data-element_type=\"widget\" data-widget_type=\"the7_button_widget.default\">\n\t\t\t\t<div class=\"elementor-widget-container\">\n\t\t\t<div class=\"elementor-button-wrapper\"><a href=\"tel:512445666\" class=\"box-button elementor-button elementor-size-sm\">512 455 666<\/a><\/div>\t\t<\/div>\n\t\t\t\t<\/div>\n\t\t\t\t<div class=\"elementor-element elementor-element-f18b52e elementor-widget elementor-widget-spacer\" data-id=\"f18b52e\" data-element_type=\"widget\" data-widget_type=\"spacer.default\">\n\t\t\t\t<div class=\"elementor-widget-container\">\n\t\t\t\t\t<div class=\"elementor-spacer\">\n\t\t\t<div class=\"elementor-spacer-inner\"><\/div>\n\t\t<\/div>\n\t\t\t\t<\/div>\n\t\t\t\t<\/div>\n\t\t\t\t\t<\/div>\n\t\t<\/div>\n\t\t\t\t\t<\/div>\n\t\t<\/section>\n\t\t\t\t<section class=\"elementor-section elementor-top-section elementor-element elementor-element-dbcf92c elementor-section-boxed elementor-section-height-default elementor-section-height-default\" data-id=\"dbcf92c\" data-element_type=\"section\">\n\t\t\t\t\t\t<div class=\"elementor-container elementor-column-gap-default\">\n\t\t\t\t\t<div class=\"elementor-column elementor-col-100 elementor-top-column elementor-element elementor-element-9cfc2a2\" data-id=\"9cfc2a2\" data-element_type=\"column\">\n\t\t\t<div class=\"elementor-widget-wrap elementor-element-populated\">\n\t\t\t\t\t\t<div class=\"elementor-element elementor-element-dbbeb2b elementor-widget elementor-widget-heading\" data-id=\"dbbeb2b\" data-element_type=\"widget\" data-widget_type=\"heading.default\">\n\t\t\t\t<div class=\"elementor-widget-container\">\n\t\t\t<h2 class=\"elementor-heading-title elementor-size-default\">Oklejanie Aut Pozna\u0144 - Dlaczego my<\/h2>\t\t<\/div>\n\t\t\t\t<\/div>\n\t\t\t\t<div class=\"elementor-element elementor-element-5b296b8 elementor-widget elementor-widget-text-editor\" data-id=\"5b296b8\" data-element_type=\"widget\" data-widget_type=\"text-editor.default\">\n\t\t\t\t<div class=\"elementor-widget-container\">\n\t\t\t\t\t\t\t<p>Jeste\u015bmy oddani naszym klientom i zawsze chcemy mie\u0107 pewno\u015b\u0107, \u017ce ich oczekiwania zostan\u0105 przekroczone &#8211; za ka\u017cdym razem. Od momentu wyboru projektu, do gotowego produktu, b\u0119dziemy pracowa\u0107 bez wytchnienia, aby zapewni\u0107, by Tw\u00f3j samoch\u00f3d zosta\u0142 oklejony z trosk\u0105 i perfekcj\u0105.<\/p><p>Jeste\u015bmy punktualni i zorientowani na szczeg\u00f3\u0142y oraz utrzymujemy Tw\u00f3j pojazd w nieskazitelnym stanie podczas procesu oklejania. Od pocz\u0105tku do ko\u0144ca, zajmiemy si\u0119 wszystkimi Twoimi potrzebami.<\/p>\t\t\t\t\t\t<\/div>\n\t\t\t\t<\/div>\n\t\t\t\t\t<\/div>\n\t\t<\/div>\n\t\t\t\t\t<\/div>\n\t\t<\/section>\n\t\t\t\t<section class=\"elementor-section elementor-top-section elementor-element elementor-element-a6af045 elementor-section-boxed elementor-section-height-default elementor-section-height-default\" data-id=\"a6af045\" data-element_type=\"section\">\n\t\t\t\t\t\t<div class=\"elementor-container elementor-column-gap-default\">\n\t\t\t\t\t<div class=\"elementor-column elementor-col-100 elementor-top-column elementor-element elementor-element-957fbed\" data-id=\"957fbed\" data-element_type=\"column\">\n\t\t\t<div class=\"elementor-widget-wrap elementor-element-populated\">\n\t\t\t\t\t\t<div class=\"elementor-element elementor-element-e42e101 elementor-widget elementor-widget-spacer\" data-id=\"e42e101\" data-element_type=\"widget\" data-widget_type=\"spacer.default\">\n\t\t\t\t<div class=\"elementor-widget-container\">\n\t\t\t\t\t<div class=\"elementor-spacer\">\n\t\t\t<div class=\"elementor-spacer-inner\"><\/div>\n\t\t<\/div>\n\t\t\t\t<\/div>\n\t\t\t\t<\/div>\n\t\t\t\t<div class=\"elementor-element elementor-element-b93cc3b elementor-widget elementor-widget-image\" data-id=\"b93cc3b\" data-element_type=\"widget\" data-widget_type=\"image.default\">\n\t\t\t\t<div class=\"elementor-widget-container\">\n\t\t\t\t\t\t\t\t\t\t\t\t\t<img fetchpriority=\"high\" decoding=\"async\" width=\"768\" height=\"1024\" src=\"https:\/\/zana13.com\/wp-content\/uploads\/2019\/06\/c1a5a700-a695-45bc-b7fd-f2073036238f-768x1024.jpg\" class=\"attachment-large size-large wp-image-5874\" alt=\"\" srcset=\"https:\/\/zana13.com\/wp-content\/uploads\/2019\/06\/c1a5a700-a695-45bc-b7fd-f2073036238f-768x1024.jpg 768w, https:\/\/zana13.com\/wp-content\/uploads\/2019\/06\/c1a5a700-a695-45bc-b7fd-f2073036238f-225x300.jpg 225w, https:\/\/zana13.com\/wp-content\/uploads\/2019\/06\/c1a5a700-a695-45bc-b7fd-f2073036238f-1152x1536.jpg 1152w, https:\/\/zana13.com\/wp-content\/uploads\/2019\/06\/c1a5a700-a695-45bc-b7fd-f2073036238f.jpg 1536w\" sizes=\"(max-width: 768px) 100vw, 768px\" \/>\t\t\t\t\t\t\t\t\t\t\t\t\t<\/div>\n\t\t\t\t<\/div>\n\t\t\t\t\t<\/div>\n\t\t<\/div>\n\t\t\t\t\t<\/div>\n\t\t<\/section>\n\t\t\t\t<section class=\"elementor-section elementor-top-section elementor-element elementor-element-e5dea35 elementor-section-boxed elementor-section-height-default elementor-section-height-default\" data-id=\"e5dea35\" data-element_type=\"section\">\n\t\t\t\t\t\t<div class=\"elementor-container elementor-column-gap-default\">\n\t\t\t\t\t<div class=\"elementor-column elementor-col-100 elementor-top-column elementor-element elementor-element-d00c7f7\" data-id=\"d00c7f7\" data-element_type=\"column\">\n\t\t\t<div class=\"elementor-widget-wrap elementor-element-populated\">\n\t\t\t\t\t\t<div class=\"elementor-element elementor-element-19e4601 elementor-widget elementor-widget-spacer\" data-id=\"19e4601\" data-element_type=\"widget\" data-widget_type=\"spacer.default\">\n\t\t\t\t<div class=\"elementor-widget-container\">\n\t\t\t\t\t<div class=\"elementor-spacer\">\n\t\t\t<div class=\"elementor-spacer-inner\"><\/div>\n\t\t<\/div>\n\t\t\t\t<\/div>\n\t\t\t\t<\/div>\n\t\t\t\t<div class=\"elementor-element elementor-element-8886cb9 elementor-widget elementor-widget-heading\" data-id=\"8886cb9\" data-element_type=\"widget\" data-widget_type=\"heading.default\">\n\t\t\t\t<div class=\"elementor-widget-container\">\n\t\t\t<h2 class=\"elementor-heading-title elementor-size-default\">Jak wygl\u0105da proces oklejania samochod\u00f3w<\/h2>\t\t<\/div>\n\t\t\t\t<\/div>\n\t\t\t\t<div class=\"elementor-element elementor-element-0164f14 elementor-widget elementor-widget-text-editor\" data-id=\"0164f14\" data-element_type=\"widget\" data-widget_type=\"text-editor.default\">\n\t\t\t\t<div class=\"elementor-widget-container\">\n\t\t\t\t\t\t\t<p>Najpierw sprawdzamy samoch\u00f3d, aby upewni\u0107 si\u0119, \u017ce nie ma \u017cadnych uszkodze\u0144. Je\u015bli znajdziemy co\u015b z\u0142ego, damy Ci zna\u0107 i naprawimy problem.<\/p>\n<p>Nast\u0119pnie myjemy i suszymy samoch\u00f3d, aby usun\u0105\u0107 wszelkie zanieczyszczenia. Pomo\u017ce to folii przylega\u0107 do nadwozia samochodu i zapobiegnie jej odklejaniu si\u0119.<\/p>\n<p>Kolejnym krokiem jest oklejanie samochodu! Odbywa si\u0119 to poprzez zastosowanie du\u017cych arkuszy folii kt\u00f3ra przy u\u017cyciu specjalistycznych narz\u0119dzi sprawi, \u017ce samoch\u00f3d jest pokryty prawid\u0142owo.<\/p>\n<p>Po na\u0142o\u017ceniu folii Tw\u00f3j samoch\u00f3d zostanie podgrzany aby zapewni\u0107, \u017ce folia nie b\u0119dzie si\u0119 odkleja\u0107.<\/p>\n<p>Na koniec samoch\u00f3d jest poddawany ostatecznej kontroli &#8211; po tym punkcie tw\u00f3j nowy samoch\u00f3d&nbsp;<span style=\"color: var( --e-global-color-text ); font-family: var( --e-global-typography-text-font-family ), Sans-serif; font-weight: var( --e-global-typography-text-font-weight ); letter-spacing: var(--the7-base-letter-spacing); text-transform: var(--the7-base-text-transform); word-spacing: normal;\">jest gotowy do odbioru!<\/span><\/p>\n<p>W <a href=\"https:\/\/zana13.com\/\">Zana13 <\/a>zajmujemy si\u0119 r\u00f3wnie\u017c:<\/p>\n<ul>\n<li><span style=\"color: var( --e-global-color-text ); font-family: var( --e-global-typography-text-font-family ), Sans-serif; font-weight: var( --e-global-typography-text-font-weight ); letter-spacing: var(--the7-base-letter-spacing); text-transform: var(--the7-base-text-transform); word-spacing: normal;\"><a href=\"https:\/\/zana13.com\/index.php\/naprawa-szyb\/\">napraw\u0105 szyb samochodowych<\/a><\/span><\/li>\n<li><a href=\"https:\/\/zana13.com\/index.php\/przyciemnianie-szyb\/\">przyciemnianiem szyb samochodowych<\/a><\/li>\n<li><a href=\"https:\/\/zana13.com\/index.php\/folia-ppf\/\">oklejaniem samochod\u00f3w foli\u0105 ochronn\u0105 PPF<\/a><\/li>\n<li><a href=\"https:\/\/zana13.com\/index.php\/reklama-na-samochodzie\/\">oklejaniem samochod\u00f3w reklam\u0105<\/a><\/li>\n<\/ul>\t\t\t\t\t\t<\/div>\n\t\t\t\t<\/div>\n\t\t\t\t\t<\/div>\n\t\t<\/div>\n\t\t\t\t\t<\/div>\n\t\t<\/section>\n\t\t\t\t<section class=\"elementor-section elementor-top-section elementor-element elementor-element-434a40f elementor-section-boxed elementor-section-height-default elementor-section-height-default\" data-id=\"434a40f\" data-element_type=\"section\">\n\t\t\t\t\t\t<div class=\"elementor-container elementor-column-gap-default\">\n\t\t\t\t\t<div class=\"elementor-column elementor-col-100 elementor-top-column elementor-element elementor-element-4d29ce4\" data-id=\"4d29ce4\" data-element_type=\"column\">\n\t\t\t<div class=\"elementor-widget-wrap elementor-element-populated\">\n\t\t\t\t\t\t<div class=\"elementor-element elementor-element-b80176a elementor-widget elementor-widget-spacer\" data-id=\"b80176a\" data-element_type=\"widget\" data-widget_type=\"spacer.default\">\n\t\t\t\t<div class=\"elementor-widget-container\">\n\t\t\t\t\t<div class=\"elementor-spacer\">\n\t\t\t<div class=\"elementor-spacer-inner\"><\/div>\n\t\t<\/div>\n\t\t\t\t<\/div>\n\t\t\t\t<\/div>\n\t\t\t\t<div class=\"elementor-element elementor-element-2be2ec4 elementor-align-center elementor-widget elementor-widget-the7_button_widget\" data-id=\"2be2ec4\" data-element_type=\"widget\" data-widget_type=\"the7_button_widget.default\">\n\t\t\t\t<div class=\"elementor-widget-container\">\n\t\t\t<div class=\"elementor-button-wrapper\"><a href=\"tel:512445666\" class=\"box-button elementor-button elementor-size-sm\">512 455 666<\/a><\/div>\t\t<\/div>\n\t\t\t\t<\/div>\n\t\t\t\t<div class=\"elementor-element elementor-element-2c2cde8 elementor-widget elementor-widget-spacer\" data-id=\"2c2cde8\" data-element_type=\"widget\" data-widget_type=\"spacer.default\">\n\t\t\t\t<div class=\"elementor-widget-container\">\n\t\t\t\t\t<div class=\"elementor-spacer\">\n\t\t\t<div class=\"elementor-spacer-inner\"><\/div>\n\t\t<\/div>\n\t\t\t\t<\/div>\n\t\t\t\t<\/div>\n\t\t\t\t\t<\/div>\n\t\t<\/div>\n\t\t\t\t\t<\/div>\n\t\t<\/section>\n\t\t\t\t<section class=\"elementor-section elementor-top-section elementor-element elementor-element-255f2d9 elementor-section-boxed elementor-section-height-default elementor-section-height-default\" data-id=\"255f2d9\" data-element_type=\"section\">\n\t\t\t\t\t\t<div class=\"elementor-container elementor-column-gap-default\">\n\t\t\t\t\t<div class=\"elementor-column elementor-col-100 elementor-top-column elementor-element elementor-element-a0c9011\" data-id=\"a0c9011\" data-element_type=\"column\">\n\t\t\t<div class=\"elementor-widget-wrap elementor-element-populated\">\n\t\t\t\t\t\t<div class=\"elementor-element elementor-element-1555926 elementor-widget elementor-widget-heading\" data-id=\"1555926\" data-element_type=\"widget\" data-widget_type=\"heading.default\">\n\t\t\t\t<div class=\"elementor-widget-container\">\n\t\t\t<h2 class=\"elementor-heading-title elementor-size-default\">Chcesz Oklei\u0107 Samoch\u00f3d w Poznaniu - zapraszamy do kontaktu<\/h2>\t\t<\/div>\n\t\t\t\t<\/div>\n\t\t\t\t\t<\/div>\n\t\t<\/div>\n\t\t\t\t\t<\/div>\n\t\t<\/section>\n\t\t\t\t<section class=\"elementor-section elementor-top-section elementor-element elementor-element-c22c9b3 elementor-section-boxed elementor-section-height-default elementor-section-height-default\" data-id=\"c22c9b3\" data-element_type=\"section\">\n\t\t\t\t\t\t<div class=\"elementor-container elementor-column-gap-default\">\n\t\t\t\t\t<div class=\"elementor-column elementor-col-100 elementor-top-column elementor-element elementor-element-2d45916\" data-id=\"2d45916\" data-element_type=\"column\">\n\t\t\t<div class=\"elementor-widget-wrap elementor-element-populated\">\n\t\t\t\t\t\t<div class=\"elementor-element elementor-element-e615374 elementor-widget elementor-widget-shortcode\" data-id=\"e615374\" data-element_type=\"widget\" data-widget_type=\"shortcode.default\">\n\t\t\t\t<div class=\"elementor-widget-container\">\n\t\t\t\t\t<div class=\"elementor-shortcode\">\n<div class=\"wpcf7 no-js\" id=\"wpcf7-f5825-o1\" lang=\"pl-PL\" dir=\"ltr\">\n<div class=\"screen-reader-response\"><p role=\"status\" aria-live=\"polite\" aria-atomic=\"true\"><\/p> <ul><\/ul><\/div>\n<form action=\"\/index.php\/wp-json\/wp\/v2\/pages\/6025#wpcf7-f5825-o1\" method=\"post\" class=\"wpcf7-form init\" aria-label=\"Formularz kontaktowy\" novalidate=\"novalidate\" data-status=\"init\">\n<div style=\"display: none;\">\n<input type=\"hidden\" name=\"_wpcf7\" value=\"5825\" \/>\n<input type=\"hidden\" name=\"_wpcf7_version\" value=\"5.9.2\" \/>\n<input type=\"hidden\" name=\"_wpcf7_locale\" value=\"pl_PL\" \/>\n<input type=\"hidden\" name=\"_wpcf7_unit_tag\" value=\"wpcf7-f5825-o1\" \/>\n<input type=\"hidden\" name=\"_wpcf7_container_post\" value=\"0\" \/>\n<input type=\"hidden\" name=\"_wpcf7_posted_data_hash\" value=\"\" \/>\n<\/div>\n<p><label> Twoje imi\u0119 i nazwisko<br \/>\n<span class=\"wpcf7-form-control-wrap\" data-name=\"your-name\"><input size=\"40\" class=\"wpcf7-form-control wpcf7-text wpcf7-validates-as-required\" aria-required=\"true\" aria-invalid=\"false\" value=\"\" type=\"text\" name=\"your-name\" \/><\/span> <\/label>\n<\/p>\n<p><label> Tw\u00f3j adres e-mail<br \/>\n<span class=\"wpcf7-form-control-wrap\" data-name=\"your-email\"><input size=\"40\" class=\"wpcf7-form-control wpcf7-email wpcf7-validates-as-required wpcf7-text wpcf7-validates-as-email\" aria-required=\"true\" aria-invalid=\"false\" value=\"\" type=\"email\" name=\"your-email\" \/><\/span> <\/label>\n<\/p>\n<p><label> Temat<br \/>\n<span class=\"wpcf7-form-control-wrap\" data-name=\"your-subject\"><input size=\"40\" class=\"wpcf7-form-control wpcf7-text wpcf7-validates-as-required\" aria-required=\"true\" aria-invalid=\"false\" value=\"\" type=\"text\" name=\"your-subject\" \/><\/span> <\/label>\n<\/p>\n<p><label> Twoja wiadomo\u015bci (opcjonalne)<br \/>\n<span class=\"wpcf7-form-control-wrap\" data-name=\"your-message\"><textarea cols=\"40\" rows=\"10\" class=\"wpcf7-form-control wpcf7-textarea\" aria-invalid=\"false\" name=\"your-message\"><\/textarea><\/span> <\/label>\n<\/p>\n<p><input class=\"wpcf7-form-control wpcf7-submit has-spinner\" type=\"submit\" value=\"Wy\u015blij\" \/>\n<\/p><div class=\"wpcf7-response-output\" aria-hidden=\"true\"><\/div>\n<\/form>\n<\/div>\n<\/div>\n\t\t\t\t<\/div>\n\t\t\t\t<\/div>\n\t\t\t\t\t<\/div>\n\t\t<\/div>\n\t\t\t\t\t<\/div>\n\t\t<\/section>\n\t\t\t\t<\/div>\n\t\t","protected":false},"excerpt":{"rendered":"<p>Jako firma zajmuj\u0105ca si\u0119 oklejaniem samochod\u00f3w, obs\u0142ugujemy zar\u00f3wno klient\u00f3w prywatnych jak i komercyjnych w Poznaniu i okolicach. Jeste\u015bmy dumni z dostarczania wysokiej jako\u015bci us\u0142ug w konkurencyjnej cenie. Dzi\u0119ki naszemu do\u015bwiadczeniu w bran\u017cy, jeste\u015bmy punktem kompleksowej obs\u0142ugi w zakresie wszelkich potrzeb zwi\u0105zanych z oklejaniem samochod\u00f3w. Pomo\u017cemy Ci z oklejeniem samochod\u00f3w firmowych, oklejeniem samochod\u00f3w reklam\u0105 oraz prywatnych&hellip;<\/p>\n","protected":false},"author":1,"featured_media":0,"parent":0,"menu_order":0,"comment_status":"closed","ping_status":"closed","template":"","meta":{"footnotes":""},"class_list":["post-6025","page","type-page","status-publish","hentry"],"_links":{"self":[{"href":"https:\/\/zana13.com\/index.php\/wp-json\/wp\/v2\/pages\/6025","targetHints":{"allow":["GET"]}}],"collection":[{"href":"https:\/\/zana13.com\/index.php\/wp-json\/wp\/v2\/pages"}],"about":[{"href":"https:\/\/zana13.com\/index.php\/wp-json\/wp\/v2\/types\/page"}],"author":[{"embeddable":true,"href":"https:\/\/zana13.com\/index.php\/wp-json\/wp\/v2\/users\/1"}],"replies":[{"embeddable":true,"href":"https:\/\/zana13.com\/index.php\/wp-json\/wp\/v2\/comments?post=6025"}],"version-history":[{"count":9,"href":"https:\/\/zana13.com\/index.php\/wp-json\/wp\/v2\/pages\/6025\/revisions"}],"predecessor-version":[{"id":6061,"href":"https:\/\/zana13.com\/index.php\/wp-json\/wp\/v2\/pages\/6025\/revisions\/6061"}],"wp:attachment":[{"href":"https:\/\/zana13.com\/index.php\/wp-json\/wp\/v2\/media?parent=6025"}],"curies":[{"name":"wp","href":"https:\/\/api.w.org\/{rel}","templated":true}]}}