{"id":6007,"date":"2022-11-06T09:05:32","date_gmt":"2022-11-06T08:05:32","guid":{"rendered":"https:\/\/zana13.com\/?page_id=6007"},"modified":"2024-03-14T09:54:55","modified_gmt":"2024-03-14T08:54:55","slug":"naprawa-szyb","status":"publish","type":"page","link":"https:\/\/zana13.com\/index.php\/naprawa-szyb\/","title":{"rendered":"Naprawa szyb"},"content":{"rendered":"\t\t<div data-elementor-type=\"wp-page\" data-elementor-id=\"6007\" class=\"elementor elementor-6007\">\n\t\t\t\t\t\t<section class=\"elementor-section elementor-top-section elementor-element elementor-element-d550a2b elementor-section-boxed elementor-section-height-default elementor-section-height-default\" data-id=\"d550a2b\" data-element_type=\"section\">\n\t\t\t\t\t\t<div class=\"elementor-container elementor-column-gap-default\">\n\t\t\t\t\t<div class=\"elementor-column elementor-col-100 elementor-top-column elementor-element elementor-element-7ae1bee\" data-id=\"7ae1bee\" data-element_type=\"column\">\n\t\t\t<div class=\"elementor-widget-wrap elementor-element-populated\">\n\t\t\t\t\t\t<div class=\"elementor-element elementor-element-d228768 elementor-widget elementor-widget-spacer\" data-id=\"d228768\" data-element_type=\"widget\" data-widget_type=\"spacer.default\">\n\t\t\t\t<div class=\"elementor-widget-container\">\n\t\t\t\t\t<div class=\"elementor-spacer\">\n\t\t\t<div class=\"elementor-spacer-inner\"><\/div>\n\t\t<\/div>\n\t\t\t\t<\/div>\n\t\t\t\t<\/div>\n\t\t\t\t<div class=\"elementor-element elementor-element-24516d0 elementor-widget elementor-widget-text-editor\" data-id=\"24516d0\" data-element_type=\"widget\" data-widget_type=\"text-editor.default\">\n\t\t\t\t<div class=\"elementor-widget-container\">\n\t\t\t\t\t\t\t<p>Jedziesz autostrad\u0105, \u015bpiewaj\u0105c swoj\u0105 ulubion\u0105 melodi\u0119, gdy nagle s\u0142yszysz niespodziewany d\u017awi\u0119k &#8211; lekkie uderzenie w przedni\u0105 szyb\u0119. Wy\u0142\u0105czasz radio, skanujesz przedni\u0105 szyb\u0119, zaczynasz si\u0119 niepokoi\u0107, gdy w ko\u0144cu odkrywasz male\u0144ki odprysk w szybie. Powsta\u0142 przez kamie\u0144 niechc\u0105cy kopni\u0119ty przez samoch\u00f3d jad\u0105cy przed tob\u0105. Chocia\u017c jeste\u015b zadowolony, \u017ce uszkodzenie nie by\u0142o znacz\u0105ce, p\u0119kni\u0119cie nadal doskwiera na twojej niegdy\u015b nieskazitelnej przedniej szybie.<\/p>\t\t\t\t\t\t<\/div>\n\t\t\t\t<\/div>\n\t\t\t\t\t<\/div>\n\t\t<\/div>\n\t\t\t\t\t<\/div>\n\t\t<\/section>\n\t\t\t\t<section class=\"elementor-section elementor-top-section elementor-element elementor-element-7c6b5fb elementor-section-boxed elementor-section-height-default elementor-section-height-default\" data-id=\"7c6b5fb\" data-element_type=\"section\">\n\t\t\t\t\t\t<div class=\"elementor-container elementor-column-gap-default\">\n\t\t\t\t\t<div class=\"elementor-column elementor-col-100 elementor-top-column elementor-element elementor-element-243fec0\" data-id=\"243fec0\" data-element_type=\"column\">\n\t\t\t<div class=\"elementor-widget-wrap elementor-element-populated\">\n\t\t\t\t\t\t<div class=\"elementor-element elementor-element-348c260 elementor-widget elementor-widget-spacer\" data-id=\"348c260\" data-element_type=\"widget\" data-widget_type=\"spacer.default\">\n\t\t\t\t<div class=\"elementor-widget-container\">\n\t\t\t\t\t<div class=\"elementor-spacer\">\n\t\t\t<div class=\"elementor-spacer-inner\"><\/div>\n\t\t<\/div>\n\t\t\t\t<\/div>\n\t\t\t\t<\/div>\n\t\t\t\t<div class=\"elementor-element elementor-element-f194b29 elementor-align-center elementor-widget elementor-widget-the7_button_widget\" data-id=\"f194b29\" data-element_type=\"widget\" data-widget_type=\"the7_button_widget.default\">\n\t\t\t\t<div class=\"elementor-widget-container\">\n\t\t\t<div class=\"elementor-button-wrapper\"><a href=\"tel:512455666\" class=\"box-button elementor-button elementor-size-sm\">512 455 666<\/a><\/div>\t\t<\/div>\n\t\t\t\t<\/div>\n\t\t\t\t<div class=\"elementor-element elementor-element-f18b52e elementor-widget elementor-widget-spacer\" data-id=\"f18b52e\" data-element_type=\"widget\" data-widget_type=\"spacer.default\">\n\t\t\t\t<div class=\"elementor-widget-container\">\n\t\t\t\t\t<div class=\"elementor-spacer\">\n\t\t\t<div class=\"elementor-spacer-inner\"><\/div>\n\t\t<\/div>\n\t\t\t\t<\/div>\n\t\t\t\t<\/div>\n\t\t\t\t\t<\/div>\n\t\t<\/div>\n\t\t\t\t\t<\/div>\n\t\t<\/section>\n\t\t\t\t<section class=\"elementor-section elementor-top-section elementor-element elementor-element-dbcf92c elementor-section-boxed elementor-section-height-default elementor-section-height-default\" data-id=\"dbcf92c\" data-element_type=\"section\">\n\t\t\t\t\t\t<div class=\"elementor-container elementor-column-gap-default\">\n\t\t\t\t\t<div class=\"elementor-column elementor-col-100 elementor-top-column elementor-element elementor-element-9cfc2a2\" data-id=\"9cfc2a2\" data-element_type=\"column\">\n\t\t\t<div class=\"elementor-widget-wrap elementor-element-populated\">\n\t\t\t\t\t\t<div class=\"elementor-element elementor-element-dbbeb2b elementor-widget elementor-widget-heading\" data-id=\"dbbeb2b\" data-element_type=\"widget\" data-widget_type=\"heading.default\">\n\t\t\t\t<div class=\"elementor-widget-container\">\n\t\t\t<h2 class=\"elementor-heading-title elementor-size-default\">Odprysk na szybie - co zrobi\u0107<\/h2>\t\t<\/div>\n\t\t\t\t<\/div>\n\t\t\t\t<div class=\"elementor-element elementor-element-5b296b8 elementor-widget elementor-widget-text-editor\" data-id=\"5b296b8\" data-element_type=\"widget\" data-widget_type=\"text-editor.default\">\n\t\t\t\t<div class=\"elementor-widget-container\">\n\t\t\t\t\t\t\t<p>Rozumiemy, \u017ce Twoje \u017cycie nie ko\u0144czy si\u0119 w momencie p\u0119kni\u0119cia przedniej szyby. Dlatego nasi technicy zawsze oceni\u0105 twoj\u0105 przedni\u0105 szyb\u0119 prawid\u0142owo, aby mo\u017cna by\u0142o j\u0105 szybko naprawi\u0107. Nigdy nie nale\u017cy ignorowa\u0107 odprysk\u00f3w w przedniej szybie samochodu. Mo\u017ce ona p\u0119kn\u0105\u0107 w ka\u017cdej chwili, nara\u017caj\u0105c zar\u00f3wno Twoje bezpiecze\u0144stwo, jak i stan samochodu. Nie czekaj, zadzwo\u0144 do nas od razu dzisiaj, aby nasi do\u015bwiadczeni technicy naprawili uszkodzenie, zapobiegli dalszym p\u0119kni\u0119ciom i poprawili kosmetyczny wygl\u0105d Twojego samochodu. Zawsze najpierw sprawdzimy szyb\u0119, aby zobaczy\u0107, czy mo\u017cna j\u0105 naprawi\u0107. W przypadku powa\u017cnych uszkodze\u0144 i tak wymienimy szyb\u0119 przy minimalnym koszcie dla Ciebie.\u00a0<\/p>\t\t\t\t\t\t<\/div>\n\t\t\t\t<\/div>\n\t\t\t\t\t<\/div>\n\t\t<\/div>\n\t\t\t\t\t<\/div>\n\t\t<\/section>\n\t\t\t\t<section class=\"elementor-section elementor-top-section elementor-element elementor-element-a6af045 elementor-section-boxed elementor-section-height-default elementor-section-height-default\" data-id=\"a6af045\" data-element_type=\"section\">\n\t\t\t\t\t\t<div class=\"elementor-container elementor-column-gap-default\">\n\t\t\t\t\t<div class=\"elementor-column elementor-col-100 elementor-top-column elementor-element elementor-element-957fbed\" data-id=\"957fbed\" data-element_type=\"column\">\n\t\t\t<div class=\"elementor-widget-wrap elementor-element-populated\">\n\t\t\t\t\t\t<div class=\"elementor-element elementor-element-e42e101 elementor-widget elementor-widget-spacer\" data-id=\"e42e101\" data-element_type=\"widget\" data-widget_type=\"spacer.default\">\n\t\t\t\t<div class=\"elementor-widget-container\">\n\t\t\t\t\t<div class=\"elementor-spacer\">\n\t\t\t<div class=\"elementor-spacer-inner\"><\/div>\n\t\t<\/div>\n\t\t\t\t<\/div>\n\t\t\t\t<\/div>\n\t\t\t\t<div class=\"elementor-element elementor-element-b93cc3b elementor-widget elementor-widget-image\" data-id=\"b93cc3b\" data-element_type=\"widget\" data-widget_type=\"image.default\">\n\t\t\t\t<div class=\"elementor-widget-container\">\n\t\t\t\t\t\t\t\t\t\t\t\t\t<img fetchpriority=\"high\" decoding=\"async\" width=\"1024\" height=\"576\" src=\"https:\/\/zana13.com\/wp-content\/uploads\/2022\/05\/d41cd26a-0189-4576-a46e-773631ecc748-1024x576.jpg\" class=\"attachment-large size-large wp-image-5950\" alt=\"\" srcset=\"https:\/\/zana13.com\/wp-content\/uploads\/2022\/05\/d41cd26a-0189-4576-a46e-773631ecc748-1024x576.jpg 1024w, https:\/\/zana13.com\/wp-content\/uploads\/2022\/05\/d41cd26a-0189-4576-a46e-773631ecc748-300x169.jpg 300w, https:\/\/zana13.com\/wp-content\/uploads\/2022\/05\/d41cd26a-0189-4576-a46e-773631ecc748-768x432.jpg 768w, https:\/\/zana13.com\/wp-content\/uploads\/2022\/05\/d41cd26a-0189-4576-a46e-773631ecc748-1536x864.jpg 1536w, https:\/\/zana13.com\/wp-content\/uploads\/2022\/05\/d41cd26a-0189-4576-a46e-773631ecc748.jpg 2016w\" sizes=\"(max-width: 1024px) 100vw, 1024px\" \/>\t\t\t\t\t\t\t\t\t\t\t\t\t<\/div>\n\t\t\t\t<\/div>\n\t\t\t\t\t<\/div>\n\t\t<\/div>\n\t\t\t\t\t<\/div>\n\t\t<\/section>\n\t\t\t\t<section class=\"elementor-section elementor-top-section elementor-element elementor-element-e5dea35 elementor-section-boxed elementor-section-height-default elementor-section-height-default\" data-id=\"e5dea35\" data-element_type=\"section\">\n\t\t\t\t\t\t<div class=\"elementor-container elementor-column-gap-default\">\n\t\t\t\t\t<div class=\"elementor-column elementor-col-100 elementor-top-column elementor-element elementor-element-d00c7f7\" data-id=\"d00c7f7\" data-element_type=\"column\">\n\t\t\t<div class=\"elementor-widget-wrap elementor-element-populated\">\n\t\t\t\t\t\t<div class=\"elementor-element elementor-element-19e4601 elementor-widget elementor-widget-spacer\" data-id=\"19e4601\" data-element_type=\"widget\" data-widget_type=\"spacer.default\">\n\t\t\t\t<div class=\"elementor-widget-container\">\n\t\t\t\t\t<div class=\"elementor-spacer\">\n\t\t\t<div class=\"elementor-spacer-inner\"><\/div>\n\t\t<\/div>\n\t\t\t\t<\/div>\n\t\t\t\t<\/div>\n\t\t\t\t<div class=\"elementor-element elementor-element-8886cb9 elementor-widget elementor-widget-heading\" data-id=\"8886cb9\" data-element_type=\"widget\" data-widget_type=\"heading.default\">\n\t\t\t\t<div class=\"elementor-widget-container\">\n\t\t\t<h2 class=\"elementor-heading-title elementor-size-default\">Naprawa Szyb Pozna\u0144 - Dlaczego wybra\u0107 ZANA13<\/h2>\t\t<\/div>\n\t\t\t\t<\/div>\n\t\t\t\t<div class=\"elementor-element elementor-element-0164f14 elementor-widget elementor-widget-text-editor\" data-id=\"0164f14\" data-element_type=\"widget\" data-widget_type=\"text-editor.default\">\n\t\t\t\t<div class=\"elementor-widget-container\">\n\t\t\t\t\t\t\t<p><span style=\"color: var( --e-global-color-text ); font-family: var( --e-global-typography-text-font-family ), Sans-serif; font-weight: var( --e-global-typography-text-font-weight ); letter-spacing: var(--the7-base-letter-spacing); text-transform: var(--the7-base-text-transform); word-spacing: normal;\">W Zana13, wspieramy nasze rzemios\u0142o i najwy\u017csz\u0105 satysfakcj\u0119 klienta. Nie zajmujemy si\u0119 sprzeda\u017c\u0105 us\u0142ug, kt\u00f3rych nie potrzebujesz. Zapewniamy uczciwe i niedrogie us\u0142ugi naprawy i wymiany szyb w Poznaniu, kt\u00f3re odpowiadaj\u0105 wszystkim bud\u017cetom. W rzeczywisto\u015bci traktujemy ka\u017cdego klienta jak osob\u0119, a nie jak faktur\u0119, jak inne du\u017ce firmy zajmuj\u0105ce si\u0119 szybami samochodowymi. Nasz biznes zosta\u0142 za\u0142o\u017cony by spe\u0142ni\u0107 oczekiwania wszystkich klient\u00f3w. Zadzwo\u0144 lub napisz do nas pod numer 512 445 666, aby uzyska\u0107 bezp\u0142atn\u0105 wycen\u0119 ju\u017c dzi\u015b.<\/span><\/p>\n<p><span style=\"color: var( --e-global-color-text ); font-family: var( --e-global-typography-text-font-family ), Sans-serif; font-weight: var( --e-global-typography-text-font-weight ); letter-spacing: var(--the7-base-letter-spacing); text-transform: var(--the7-base-text-transform); word-spacing: normal;\">W <a href=\"https:\/\/zana13.com\/\">Zana13<\/a> zajmujemy si\u0119 r\u00f3wnie\u017c:<\/span><\/p>\n<ul>\n<li><a href=\"https:\/\/zana13.com\/index.php\/przyciemnianie-szyb\/\">przyciemnianiem szyb samochodowych<\/a><\/li>\n<li><a href=\"https:\/\/zana13.com\/index.php\/folia-ppf\/\">oklejaniem samochod\u00f3w foli\u0105 PPF<\/a><\/li>\n<li><a href=\"https:\/\/zana13.com\/index.php\/reklama-na-samochodzie\/\">oklejaniem samochod\u00f3w reklam\u0105<\/a><\/li>\n<li><a href=\"https:\/\/zana13.com\/index.php\/oklejanie-samochodow\/\">oklejaniem samochod\u00f3w &#8211; zmian\u0105 koloru<\/a><\/li>\n<\/ul>\n<p><span style=\"color: var( --e-global-color-text ); font-family: var( --e-global-typography-text-font-family ), Sans-serif; font-weight: var( --e-global-typography-text-font-weight ); letter-spacing: var(--the7-base-letter-spacing); text-transform: var(--the7-base-text-transform); word-spacing: normal;\">&nbsp;<\/span><\/p>\t\t\t\t\t\t<\/div>\n\t\t\t\t<\/div>\n\t\t\t\t\t<\/div>\n\t\t<\/div>\n\t\t\t\t\t<\/div>\n\t\t<\/section>\n\t\t\t\t<section class=\"elementor-section elementor-top-section elementor-element elementor-element-434a40f elementor-section-boxed elementor-section-height-default elementor-section-height-default\" data-id=\"434a40f\" data-element_type=\"section\">\n\t\t\t\t\t\t<div class=\"elementor-container elementor-column-gap-default\">\n\t\t\t\t\t<div class=\"elementor-column elementor-col-100 elementor-top-column elementor-element elementor-element-4d29ce4\" data-id=\"4d29ce4\" data-element_type=\"column\">\n\t\t\t<div class=\"elementor-widget-wrap elementor-element-populated\">\n\t\t\t\t\t\t<div class=\"elementor-element elementor-element-b80176a elementor-widget elementor-widget-spacer\" data-id=\"b80176a\" data-element_type=\"widget\" data-widget_type=\"spacer.default\">\n\t\t\t\t<div class=\"elementor-widget-container\">\n\t\t\t\t\t<div class=\"elementor-spacer\">\n\t\t\t<div class=\"elementor-spacer-inner\"><\/div>\n\t\t<\/div>\n\t\t\t\t<\/div>\n\t\t\t\t<\/div>\n\t\t\t\t<div class=\"elementor-element elementor-element-2be2ec4 elementor-align-center elementor-widget elementor-widget-the7_button_widget\" data-id=\"2be2ec4\" data-element_type=\"widget\" data-widget_type=\"the7_button_widget.default\">\n\t\t\t\t<div class=\"elementor-widget-container\">\n\t\t\t<div class=\"elementor-button-wrapper\"><a href=\"tel:512455666\" class=\"box-button elementor-button elementor-size-sm\">512 455 666<\/a><\/div>\t\t<\/div>\n\t\t\t\t<\/div>\n\t\t\t\t<div class=\"elementor-element elementor-element-2c2cde8 elementor-widget elementor-widget-spacer\" data-id=\"2c2cde8\" data-element_type=\"widget\" data-widget_type=\"spacer.default\">\n\t\t\t\t<div class=\"elementor-widget-container\">\n\t\t\t\t\t<div class=\"elementor-spacer\">\n\t\t\t<div class=\"elementor-spacer-inner\"><\/div>\n\t\t<\/div>\n\t\t\t\t<\/div>\n\t\t\t\t<\/div>\n\t\t\t\t\t<\/div>\n\t\t<\/div>\n\t\t\t\t\t<\/div>\n\t\t<\/section>\n\t\t\t\t<section class=\"elementor-section elementor-top-section elementor-element elementor-element-255f2d9 elementor-section-boxed elementor-section-height-default elementor-section-height-default\" data-id=\"255f2d9\" data-element_type=\"section\">\n\t\t\t\t\t\t<div class=\"elementor-container elementor-column-gap-default\">\n\t\t\t\t\t<div class=\"elementor-column elementor-col-100 elementor-top-column elementor-element elementor-element-a0c9011\" data-id=\"a0c9011\" data-element_type=\"column\">\n\t\t\t<div class=\"elementor-widget-wrap elementor-element-populated\">\n\t\t\t\t\t\t<div class=\"elementor-element elementor-element-1555926 elementor-widget elementor-widget-heading\" data-id=\"1555926\" data-element_type=\"widget\" data-widget_type=\"heading.default\">\n\t\t\t\t<div class=\"elementor-widget-container\">\n\t\t\t<h2 class=\"elementor-heading-title elementor-size-default\">Potrzebujesz naprawi\u0107 Szyb\u0119 samochodow\u0105 w Poznaniu - zapraszamy do kontaktu<\/h2>\t\t<\/div>\n\t\t\t\t<\/div>\n\t\t\t\t\t<\/div>\n\t\t<\/div>\n\t\t\t\t\t<\/div>\n\t\t<\/section>\n\t\t\t\t<section class=\"elementor-section elementor-top-section elementor-element elementor-element-c22c9b3 elementor-section-boxed elementor-section-height-default elementor-section-height-default\" data-id=\"c22c9b3\" data-element_type=\"section\">\n\t\t\t\t\t\t<div class=\"elementor-container elementor-column-gap-default\">\n\t\t\t\t\t<div class=\"elementor-column elementor-col-100 elementor-top-column elementor-element elementor-element-2d45916\" data-id=\"2d45916\" data-element_type=\"column\">\n\t\t\t<div class=\"elementor-widget-wrap elementor-element-populated\">\n\t\t\t\t\t\t<div class=\"elementor-element elementor-element-e615374 elementor-widget elementor-widget-shortcode\" data-id=\"e615374\" data-element_type=\"widget\" data-widget_type=\"shortcode.default\">\n\t\t\t\t<div class=\"elementor-widget-container\">\n\t\t\t\t\t<div class=\"elementor-shortcode\">\n<div class=\"wpcf7 no-js\" id=\"wpcf7-f5825-o1\" lang=\"pl-PL\" dir=\"ltr\">\n<div class=\"screen-reader-response\"><p role=\"status\" aria-live=\"polite\" aria-atomic=\"true\"><\/p> <ul><\/ul><\/div>\n<form action=\"\/index.php\/wp-json\/wp\/v2\/pages\/6007#wpcf7-f5825-o1\" method=\"post\" class=\"wpcf7-form init\" aria-label=\"Formularz kontaktowy\" novalidate=\"novalidate\" data-status=\"init\">\n<div style=\"display: none;\">\n<input type=\"hidden\" name=\"_wpcf7\" value=\"5825\" \/>\n<input type=\"hidden\" name=\"_wpcf7_version\" value=\"5.9.2\" \/>\n<input type=\"hidden\" name=\"_wpcf7_locale\" value=\"pl_PL\" \/>\n<input type=\"hidden\" name=\"_wpcf7_unit_tag\" value=\"wpcf7-f5825-o1\" \/>\n<input type=\"hidden\" name=\"_wpcf7_container_post\" value=\"0\" \/>\n<input type=\"hidden\" name=\"_wpcf7_posted_data_hash\" value=\"\" \/>\n<\/div>\n<p><label> Twoje imi\u0119 i nazwisko<br \/>\n<span class=\"wpcf7-form-control-wrap\" data-name=\"your-name\"><input size=\"40\" class=\"wpcf7-form-control wpcf7-text wpcf7-validates-as-required\" aria-required=\"true\" aria-invalid=\"false\" value=\"\" type=\"text\" name=\"your-name\" \/><\/span> <\/label>\n<\/p>\n<p><label> Tw\u00f3j adres e-mail<br \/>\n<span class=\"wpcf7-form-control-wrap\" data-name=\"your-email\"><input size=\"40\" class=\"wpcf7-form-control wpcf7-email wpcf7-validates-as-required wpcf7-text wpcf7-validates-as-email\" aria-required=\"true\" aria-invalid=\"false\" value=\"\" type=\"email\" name=\"your-email\" \/><\/span> <\/label>\n<\/p>\n<p><label> Temat<br \/>\n<span class=\"wpcf7-form-control-wrap\" data-name=\"your-subject\"><input size=\"40\" class=\"wpcf7-form-control wpcf7-text wpcf7-validates-as-required\" aria-required=\"true\" aria-invalid=\"false\" value=\"\" type=\"text\" name=\"your-subject\" \/><\/span> <\/label>\n<\/p>\n<p><label> Twoja wiadomo\u015bci (opcjonalne)<br \/>\n<span class=\"wpcf7-form-control-wrap\" data-name=\"your-message\"><textarea cols=\"40\" rows=\"10\" class=\"wpcf7-form-control wpcf7-textarea\" aria-invalid=\"false\" name=\"your-message\"><\/textarea><\/span> <\/label>\n<\/p>\n<p><input class=\"wpcf7-form-control wpcf7-submit has-spinner\" type=\"submit\" value=\"Wy\u015blij\" \/>\n<\/p><div class=\"wpcf7-response-output\" aria-hidden=\"true\"><\/div>\n<\/form>\n<\/div>\n<\/div>\n\t\t\t\t<\/div>\n\t\t\t\t<\/div>\n\t\t\t\t\t<\/div>\n\t\t<\/div>\n\t\t\t\t\t<\/div>\n\t\t<\/section>\n\t\t\t\t<\/div>\n\t\t","protected":false},"excerpt":{"rendered":"<p>Jedziesz autostrad\u0105, \u015bpiewaj\u0105c swoj\u0105 ulubion\u0105 melodi\u0119, gdy nagle s\u0142yszysz niespodziewany d\u017awi\u0119k &#8211; lekkie uderzenie w przedni\u0105 szyb\u0119. Wy\u0142\u0105czasz radio, skanujesz przedni\u0105 szyb\u0119, zaczynasz si\u0119 niepokoi\u0107, gdy w ko\u0144cu odkrywasz male\u0144ki odprysk w szybie. Powsta\u0142 przez kamie\u0144 niechc\u0105cy kopni\u0119ty przez samoch\u00f3d jad\u0105cy przed tob\u0105. Chocia\u017c jeste\u015b zadowolony, \u017ce uszkodzenie nie by\u0142o znacz\u0105ce, p\u0119kni\u0119cie nadal doskwiera na&hellip;<\/p>\n","protected":false},"author":1,"featured_media":0,"parent":0,"menu_order":0,"comment_status":"closed","ping_status":"closed","template":"","meta":{"footnotes":""},"class_list":["post-6007","page","type-page","status-publish","hentry"],"_links":{"self":[{"href":"https:\/\/zana13.com\/index.php\/wp-json\/wp\/v2\/pages\/6007","targetHints":{"allow":["GET"]}}],"collection":[{"href":"https:\/\/zana13.com\/index.php\/wp-json\/wp\/v2\/pages"}],"about":[{"href":"https:\/\/zana13.com\/index.php\/wp-json\/wp\/v2\/types\/page"}],"author":[{"embeddable":true,"href":"https:\/\/zana13.com\/index.php\/wp-json\/wp\/v2\/users\/1"}],"replies":[{"embeddable":true,"href":"https:\/\/zana13.com\/index.php\/wp-json\/wp\/v2\/comments?post=6007"}],"version-history":[{"count":18,"href":"https:\/\/zana13.com\/index.php\/wp-json\/wp\/v2\/pages\/6007\/revisions"}],"predecessor-version":[{"id":6085,"href":"https:\/\/zana13.com\/index.php\/wp-json\/wp\/v2\/pages\/6007\/revisions\/6085"}],"wp:attachment":[{"href":"https:\/\/zana13.com\/index.php\/wp-json\/wp\/v2\/media?parent=6007"}],"curies":[{"name":"wp","href":"https:\/\/api.w.org\/{rel}","templated":true}]}}